hat is 1 + 101011443?
101011444
In base 4, what is 1013022 + -32?
1012330
In base 13, what is 4 + 836?
83a
In base 7, what is -1 + -345352?
-345353
In base 4, what is 2311 + -2331?
-20
In base 3, what is -1102222 + -201022?
-2011021
In base 7, what is -44326 + -3?
-44332
In base 16, what is -c19 - 1d?
-c36
In base 16, what is 2 + -2264?
-2262
In base 4, what is 221323300 + -3?
221323231
In base 3, what is -201111 + -100020012?
-100221200
In base 15, what is b5c2 - -5?
b5c7
In base 16, what is -23104 - 4?
-23108
In base 11, what is -1 + -72220?
-72221
In base 7, what is -46315 - 11?
-46326
In base 3, what is -20110110121 - 0?
-20110110121
In base 6, what is -13252 + 2431?
-10421
In base 10, what is 490 + 295?
785
In base 6, what is 10 + -132222?
-132212
In base 9, what is 0 + -81750?
-81750
In base 2, what is -101 - 1001110111010011011?
-1001110111010100000
In base 8, what is -6 - 165764?
-165772
In base 11, what is -4 - 1045a7?
-104600
In base 10, what is -7334 - 100?
-7434
In base 16, what is 5 - -6638?
663d
In base 11, what is -22 + -961?
-983
In base 13, what is -3c - 9ca?
-a39
In base 16, what is 22 + -5562?
-5540
In base 12, what is a29b1a + 3?
a29b21
In base 11, what is 79 - -1069?
1137
In base 11, what is 5 + -67267?
-67262
In base 13, what is 3 + -125708?
-125705
In base 11, what is 4 - -17518?
17521
In base 7, what is 15 + 112403?
112421
In base 10, what is -109 + -114?
-223
In base 4, what is -10210201 + 1?
-10210200
In base 15, what is -1482 - 4d?
-14d0
In base 5, what is -11104324 - -4?
-11104320
In base 11, what is -7 + -37830?
-37837
In base 6, what is -42 - 150030?
-150112
In base 11, what is -2645 + -11?
-2656
In base 6, what is 204504 + -5?
204455
In base 6, what is -10 - -31253?
31243
In base 13, what is -64 + 4b42?
4aab
In base 2, what is -10 - -111000000001?
110111111111
In base 15, what is 412 - -6?
418
In base 7, what is -16132 - 1564?
-21026
In base 14, what is 18 + -16893?
-16879
In base 6, what is 21453203 - 2?
21453201
In base 2, what is -11001110011001 - -101?
-11001110010100
In base 7, what is 1 - -330131?
330132
In base 10, what is -7105 - -2?
-7103
In base 2, what is -101000001111100 + -10001?
-101000010001101
In base 14, what is -1 - 2c0ca?
-2c0cb
In base 11, what is 351126 - 5?
351121
In base 4, what is 3222330 - 3223?
3213101
In base 11, what is 1 + -254a9a?
-254a99
In base 3, what is -1010000112010 + -11?
-1010000112021
In base 13, what is 25595 - -3a?
25602
In base 6, what is -11535344 - 2?
-11535350
In base 2, what is -11100100000111001001 + 10?
-11100100000111000111
In base 8, what is -353171 - 5?
-353176
In base 14, what is -2 + c778?
c776
In base 11, what is 2106 - 149?
1a68
In base 5, what is 4 - 1401323?
-1401314
In base 9, what is 1368 + 461?
1840
In base 7, what is 410525 + -5?
410520
In base 4, what is -111033 - 3033?
-120132
In base 12, what is 327b - -2?
3281
In base 4, what is 1 + -10110211?
-10110210
In base 11, what is 1917 + -141?
1786
In base 11, what is -1a8aaa + 8?
-1a8aa2
In base 9, what is 38 - 1122?
-1073
In base 2, what is 100111111110111 + -110?
100111111110001
In base 4, what is 1302 + -22113?
-20211
In base 14, what is -d + 6a89?
6a7a
In base 7, what is 35 - -6114?
6152
In base 5, what is -211123 + 3?
-211120
In base 15, what is 1159d + 55?
11603
In base 12, what is 10a20 - -9?
10a29
In base 6, what is -115325 - 114?
-115443
In base 9, what is 13430 - 350?
13070
In base 3, what is -2200 - 10002?
-12202
In base 6, what is -44040 + 25?
-44011
In base 11, what is 53 + 210?
263
In base 8, what is -172200 + 5?
-172173
In base 3, what is -11 + 202010121?
202010110
In base 3, what is -1012010200 + -12?
-1012010212
In base 13, what is acc19 - 1?
acc18
In base 10, what is -25049 + -53?
-25102
In base 16, what is -8055 + 37?
-801e
In base 8, what is 56027 - -21?
56050
In base 7, what is 43000 - -3?
43003
In base 12, what is b01 + -433?
68a
In base 8, what is -1 + -3033?
-3034
In base 9, what is 24 - 80556?
-80532
In base 14, what is 4916 + 43?
4959
In base 15, what is -9b7 + 6d?
-949
In base 10, what is -57 + 5001?
4944
In base 13, what is -5ca - 87?
-684
In base 15, what is 52716c + -2?
52716a
In base 11, what is 2a0 + 1063?
1353
In base 9, what is 8560 + 173?
8743
In base 13, what is 361 + 22a?
58b
In base 2, what is 10 - 11001100010101000?
-11001100010100110
In base 5, what is -4014021 + 0?
-4014021
In base 15, what is 2c5 + -1ae?
116
In base 5, what is 11031 + -413?
10113
In base 9, what is -5071 - -23?
-5047
In base 5, what is 23 - 10120141?
-10120113
In base 14, what is -5792c + -3?
-57931
In base 13, what is -a + -30c?
-319
In base 7, what is -1311441 - 3?
-1311444
In base 9, what is -2 + -115?
-117
In base 2, what is -1 + 11001000100011011?
11001000100011010
In base 4, what is 3032 + -110?
2322
In base 12, what is 2 + -28b081?
-28b07b
In base 2, what is -11111000 - 101101010110011?
-101101110101011
In base 8, what is 77 - -375?
474
In base 8, what is -4 - -53633?
53627
In base 16, what is 9c67 + 6?
9c6d
In base 10, what is -4 + 1640?
1636
In base 12, what is 2405 - 18?
23a9
In base 5, what is 14103 - -13430?
33033
In base 3, what is -111122 + 121?
-111001
In base 6, what is -4 + 41110?
41102
In base 2, what is -110000011111010 + 10000?
-110000011101010
In base 3, what is 12000 - 222?
11001
In base 16, what is -1f4 - -2b?
-1c9
In base 7, what is 10 - 126532?
-126522
In base 14, what is -6 - 19bb?
-19c3
In base 6, what is 4 + -103214?
-103210
In base 3, what is -12122 - -10220?
-1202
In base 11, what is -a - -100921?
100912
In base 14, what is -1 + 2135?
2134
In base 5, what is 20 + 11323332?
11323402
In base 2, what is -111100101 - -11110001100?
10110100111
In base 11, what is -179 + 197?
19
In base 13, what is -70 - 540?
-5b0
In base 4, what is 11 - 303010?
-302333
In base 5, what is -22 + -2044420?
-2044442
In base 7, what is 1214600 + 3?
1214603
In base 2, what is -10000011 - -111000001010101?
110111111010010
In base 5, what is -10 + -11111024?
-11111034
In base 4, what is 1012 - -1102?
2120
In base 14, what is -683 - 194?
-837
In base 14, what is -5 - -36ac7?
36ac2
In base 10, what is 268 - -314?
582
In base 12, what is 10052b + -3?
100528
In base 6, what is 402434 - -410?
403244
In base 15, what is -56 + -134?
-18a
In base 3, what is -1010221 - -1002002?
-1212
In base 6, what is 0 + 3332541?
3332541
In base 14, what is 1d + 504c?
506b
In base 8, what is 5 - -35376?
35403
In base 13, what is -35120 - -5?
-35118
In base 13, what is -29b03 - 7?
-29b0a
In base 8, what is 65 + -16237?
-16152
In base 13, what is 9b - -4b4?
582
In base 3, what is 221102102012 - 1?
221102102011
In base 12, what is -13a23a4 - -2?
-13a23a2
In base 5, what is -30 - 31031413?
-31031443
In base 6, what is -12 + -22003?
-22015
In base 10, what is 479 - 1058?
-579
In base 3, what is 2121101 - -212?
2122020
In base 11, what is a07a - 1?
a079
In base 6, what is -53054112 + -5?
-53054121
In base 7, what is 46 - -5152?
5231
In base 5, what is 2 + 3000403?
3000410
In base 15, what is 17 - -bc?
d4
In base 16, what is 8e - -1223?
12b1
In base 15, what is -e5e4 - 2?
-e5e6
In base 11, what is 81 - 1a067?
-19a96
In base 4, what is 13 - 12211130?
-12211111
In base 4, what is 0 + 210110?
210110
In base 10, what is -1306 + -1850?
-3156
In base 16, what is ef95 - 4?
ef91
In base 4, what is -201 - -331223?
331022
In base 9, what is -4 + -23608?
-23613
In base 4, what is -10 - -10212011?
10212001
In base 5, what is 14224 + 331?
20110
In base 11, what is -14 + 630?
617
In base 15, what is -374 - -ae6?
772
In base 13, what is -4 + -175a?
-1761
In base 5, what is 221 - 302?
-31
In base 11, what is 152 - -290?
432
In base 10, what is -1100 + 277?
-823
In base 3, what is -102110 - 22?
-102202
In base 6, what is -1034520 + 2?
-1034514
In base 2, what is -1101000 - -111110110?
110001110
In base 12, what is -1 + 6463?
6462
In base 11, what is -52248 - 0?
-52248
In base 8, what is -5570 + 16?
-5552
In base 12, what is -7112 - 3?
-7115
In base 4, what is 1 + -13021001?
-13021000
In base 13, what is 4 + 8a248?
8a24c
In base 5, what is 3 - 3001310?
-3001302
In base 11, what is -6a57 - -10?
-6a47
In base 12, what is -36 + 43a?
404
In base 12, what is 2b2 + -4a?
264
In base 6, what is 512 - 120?
352
In base 16, what is 16 + 55c?
572
In ba